54*f. Determine u(-9).
405
Let z(d) = -15*d**2 + 86*d + 12. What is z(8)?
-260
Let b(m) = 3*m**2 - 132*m - 961. Give b(51).
110
Let g(d) = -246*d**3 + 3*d**2 - 3. What is g(-1)?
246
Let s(p) = -6*p**3 + 46*p**2 - 54*p + 10. Calculate s(6).
46
Let u(s) = s**2 - 76*s + 1257. Calculate u(49).
-66
Let q(j) = 277*j + 2485. Calculate q(-9).
-8
Let p(i) = 4*i**3 + 597*i**2 + 173*i + 3598. Determine p(-149).
22
Let v(k) = -14*k**3 - 74*k**2 + k - 1. Calculate v(-5).
-106
Let c(b) = 116*b - 243. Give c(2).
-11
Let x(h) = 6561*h + 216512. What is x(-33)?
-1
Let s(k) = k**2 + 31*k - 83. Calculate s(-34).
19
Let i(n) = n**3 - 61*n**2 - 110*n - 1006. Calculate i(63).
2
Let v(d) = -2*d**3 + 91*d**2 - 43*d - 147. What is v(45)?
-57
Let d(c) = -40*c + 215. Determine d(5).
15
Let x(q) = -351*q + 1798. Determine x(5).
43
Let m(c) = -5*c**2 - 55*c + 131. Calculate m(-18).
-499
Let c(x) = 21*x - 280. Give c(14).
14
Let i(q) = 1258*q + 12586. Determine i(-10).
6
Let r(x) = x**3 + 12*x**2 - 27*x + 265. Determine r(-15).
-5
Let m(y) = -y**2 + 52*y + 739. Give m(64).
-29
Let j(d) = -2*d**3 + 109*d**2 + 529*d + 119. What is j(59)?
1
Let g(m) = -4*m**2 + 28*m - 7. Give g(7).
-7
Let x(i) = -421*i - 5061. Give x(-12).
-9
Let u(y) = 36*y - 689. Determine u(19).
-5
Let l(x) = 3*x**3 - 2*x**2 - 31. Determine l(0).
-31
Let j(h) = -98*h + 972. Calculate j(10).
-8
Let u(n) = n**3 - 72*n**2 - 635*n - 397. Give u(80).
3
Let f(i) = i**2 + 2*i - 220. What is f(-12)?
-100
Let r(d) = d**2 - 76*d - 296. Determine r(-4).
24
Let s(g) = -6*g**2 - 97*g - 21. Give s(-15).
84
Let n(q) = -732*q - 5370. What is n(-7)?
-246
Let b(w) = -w**2 - 2639*w - 15833. Give b(-6).
-35
Let r(d) = -3*d**2 + 20*d - 16. Give r(8).
-48
Let a(q) = -88*q - 595. Determine a(-7).
21
Let g(i) = -i**2 + 17*i + 133. What is g(-6)?
-5
Let h(f) = -2*f**2 + 93*f - 935. Determine h(15).
10
Let x(g) = -64960*g - 454718. Give x(-7).
2
Let i(u) = -19*u - 1970. Give i(-104).
6
Let i(t) = -t**3 + t**2 - 378*t + 1564. Determine i(4).
4
Let z(m) = -7*m**2 + 285*m - 200. What is z(40)?
0
Let b(a) = -a**2 - 3*a + 107. Calculate b(13).
-101
Let h(j) = 2143*j - 2. Determine h(0).
-2
Let b(q) = -7*q**2 - 57*q + 6. Give b(-8).
14
Let r(b) = b - 103. What is r(-39)?
-142
Let t(o) = o**3 + 3*o**2 - 14*o - 3. Determine t(3).
9
Let y(c) = c**3 - 22*c**2 + 17*c + 459. Give y(20).
-1
Let n(j) = j**3 - 7*j**2 - 8*j + 10. What is n(7)?
-46
Let q(x) = -866*x - 11264. Determine q(-13).
-6
Let j(o) = -o**2 + 22*o - 49. What is j(5)?
36
Let b(d) = -1729*d + 10380. Give b(6).
6
Let l(h) = -h**2 - 37*h - 317. Give l(-16).
19
Let y(n) = 6*n**2 - 39*n + 8. Give y(6).
-10
Let z(x) = 1995*x - 1. Give z(0).
-1
Let q(i) = -23*i**2 + 33*i + 33. Give q(2).
7
Let s(l) = 6*l**2 - 555*l + 12264. Determine s(56).
0
Let s(x) = -18*x + 308. Give s(21).
-70
Let y(a) = -18*a + 369. What is y(23)?
-45
Let g(m) = 2657*m + 2667. Calculate g(-1).
10
Let v(k) = -k**3 + 23*k**2 - 47*k + 143. Determine v(21).
38
Let g(w) = 9*w**2 + 2*w + 15. What is g(-5)?
230
Let g(b) = -460*b + 1376. Give g(3).
-4
Let n(o) = -493*o - 34510. Give n(-70).
0
Let z(x) = 180*x**2 - 17*x - 10. Calculate z(-1).
187
Let k(r) = 749*r - 2252. Determine k(3).
-5
Let x(k) = 11*k**2 - 72*k + 682. Give x(11).
1221
Let l(s) = 1282*s + 2565. What is l(-2)?
1
Let n(w) = -19*w**2 + 1022*w - 1772. What is n(52)?
-4
Let v(g) = 6*g**3 - 19*g**2 - 22*g + 25. What is v(4)?
17
Let f(t) = -88*t - 1771. Give f(-20).
-11
Let z(g) = 2*g**2 - 43*g + 85. Calculate z(20).
25
Let r(v) = 5549*v - 16649. What is r(3)?
-2
Let g(k) = k**2 - 48*k - 331. Calculate g(-6).
-7
Let s(z) = z**3 - 2*z**2 - 20*z + 35. What is s(6)?
59
Let r(y) = -166*y - 2827. Give r(-17).
-5
Let o(t) = 104*t + 3916. Determine o(-39).
-140
Let f(d) = 4*d**2 + 36*d - 15. Determine f(-13).
193
Let z(f) = f**3 - 36*f**2 - 75*f + 60. What is z(38)?
98
Let o(z) = -z**2 + 30*z + 4539. What is o(-54)?
3
Let y(c) = -351*c - 9853. Determine y(-28).
-25
Let q(m) = -37*m**2 - 14*m + 15. Give q(1).
-36
Let y(p) = -p**3 + 13*p**2 + 2*p - 155. Give y(9).
187
Let z(w) = -48*w + 496. What is z(11)?
-32
Let o(i) = -326*i - 655. Calculate o(-2).
-3
Let n(m) = -221*m**2 - 2214*m - 39. What is n(-10)?
1
Let t(d) = d**2 + 96*d + 1670. Calculate t(-73).
-9
Let u(j) = -26*j**2 - 125*j - 16. Calculate u(-4).
68
Let n(v) = 2*v**3 - 25*v**2 + 4*v + 68. Determine n(12).
-28
Let i(x) = 93*x + 92. Give i(-6).
-466
Let o(j) = j**3 - 27*j**2 + 58*j - 819. What is o(26)?
13
Let d(z) = -59*z**3 + 2*z**2 - z + 21. Give d(0).
21
Let s(l) = l**3 - 10*l**2 - 10*l - 53. Give s(12).
115
Let g(q) = -154*q - 16895. Determine g(-110).
45
Let i(f) = -5*f**2 + 259*f + 1303. Determine i(-5).
-117
Let r(z) = -1075*z - 19359. Calculate r(-18).
-9
Let g(x) = x**3 + 9*x**2 - 30*x + 106. Give g(-12).
34
Let l(g) = 31*g**2 + 3605*g - 2565. Calculate l(-117).
9
Let w(p) = p**3 - 66*p**2 - 212*p + 444. Determine w(69).
99
Let l(b) = -b**2 - 87*b - 255. Determine l(-84).
-3
Let l(t) = -2*t**2 + 38*t - 143. Calculate l(14).
-3
Let p(j) = -2*j**3 + 136*j**2 + 841*j + 3474. Give p(74).
-4
Let z(g) = g**2 + 323*g - 2843. Give z(9).
145
Let o(b) = -17*b**2 + 1439*b - 2872. Give o(2).
-62
Let l(t) = 50*t + 153. What is l(-4)?
-47
Let b(q) = 37*q + 107. Give b(-4).
-41
Let a(q) = 5*q**2 - 287*q - 167. What is a(58)?
7
Let g(r) = -303*r + 600. Calculate g(2).
-6
Let j(k) = 169*k + 15192. Give j(-90).
-18
Let f(t) = -2*t**3 + 10*t**2 + 91*t + 89. What is f(10)?
-1
Let a(r) = 1290*r + 6435. What is a(-5)?
-15
Let k(g) = -95*g**2 - 3*g + 4. Calculate k(1).
-94
Let a(b) = -3*b**3 + 128*b**2 - 76*b - 347. What is a(42)?
-11
Let y(p) = -p**3 - 16*p**2 - 38. Calculate y(-16).
-38
Let c(b) = 2*b**2 - b - 5. Calculate c(3).
10
Let g(n) = 2*n**3 - 128*n**2 - 115*n - 150. Calculate g(65).
825
Let l(b) = -8*b + 57. Determine l(18).
-87
Let m(a) = a**3 + 11*a**2 - 197*a - 2151. Determine m(-10).
-81
Let k(q) = -343*q + 712. Calculate k(2).
26
Let v(w) = -11*w - 173. Determine v(-13).
-30
Let i(u) = -75*u**3 - 39*u + 40. Give i(1).
-74
Let c(a) = 6*a**3 + 8*a**2 - 32*a - 21. What is c(-6)?
-837
Let l(z) = z - 9. Give l(-6).
-15
Let m(i) = 2*i**3 + 23*i**2 - 152*i - 152. Determine m(-16).
-24
Let t(o) = -3*o**3 - 33*o**2 + 50*o + 354. What is t(-11)?
-196
Let o(j) = 37*j + 871. What is o(-24)?
-17
Let l(k) = -k**2 - 42*k + 342. Calculate l(-49).
-1
Let x(q) = 84*q + 12922. What is x(-155)?
-98
Let v(q) = -376*q - 56783. Determine v(-151).
-7
Let h(g) = -g**3 - 12*g**2 + 28*g + 51. What is h(3)?
0
Let s(o) = -2*o**2 - 48*o - 4. Calculate s(-20).
156
Let t(w) = w**3 - 4*w - 6. What is t(-2)?
-6
Let q(d) = 47*d + 643. What is q(-14)?
-15
Let g(p) = p**3 - 29*p**2 + 6. Calculate g(0).
6
Let c(u) = -u**2 + 2326*u + 4652. What is c(-2)?
-4
Let j(r) = -5*r**2 - 83*r + 34. Calculate j(-21).
-428
Let j(t) = -t**3 - 8*t**2 + t + 71. Determine j(-6).
-7
Let b(a) = -a**2 - 60*a - 422. Determine b(-52).
-6
Let a(p) = 7506*p + 45015. Calculate a(-6).
-21
Let g(i) = 13*i**2 - 1445*i + 1444. Calculate g(1).
12
Let h(n) = -48*n - 142. Give h(-4).
50
Let k(x) = -24*x - 122. Give k(-10).
118
Let y(w) = -w**2 + 140*w + 3570. What is y(-22)?
6
Let z(c) = -2*c**2 + 106*c + 355. Determine z(56).
19
Let t(l) = -806*l**2 + 7*l - 6. Determine t(1).
-805
Let k(d) = -4*d + 313. Calculate k(69).
37
Let g(s) = -10*s**3 + 17*s**2 - 9*s + 1. Determine g(2).
-29
Let g(k) = -k**3 + 2*k**2 - 10*k - 165. What is g(0)?
-165
Let f(t) = -35*t - 503. Give f(-15).
22
Let b(y) = -y**2 + 835*y + 4205. Calculate b(-5).
5
Let s(n) = -44*n**2 + 45*n + 27. Determine s(-1).
-62
Let h(g) = -g**3 - 32*g**2 + 323*g - 31. Determine h(8).
-7
Let i(t) = 5*t**2 + 31*t + 11. Give i(5).
291
Let p(i) = 174*i**2 - 4524*i - 1. Give p(26).
-1
Let n(v) = -v**3 + 25*v**2 + 310*v + 15. Determine n(-9).
-21
Let r(z) = -2088*z - 112763. Determine r(-54).
-11
Let a(l) = -2*l**3 - 82*l**2 - 152*l + 107. Determine a(-39).
-49
Let y(t) = -3*t**2 - 31*t - 16. Give y(-9).
20
Let w(q) = 276*q - 19. Determine w(0).
-19
Let z(y) = y**3 - 8*y**2 - 3*y - 100. Give z(11).
230
Let i(b) = 2*b**2 + 63*b + 289. Determine i(-22).
-129
Let g(z) = -z**2 + 7*z + 15. What is g(-3)?
-15
Let w(v) = -4*v**3 + 95*v**2 - 69*v + 8. What is w(23)?
8
Let t(g) = -5*g**3 + 21*g**2 - 11*g - 8. Give t(4).
-36
L